In base 9, what is -27232011 - -14?
-27231886
In base 8, what is -56 + 10611?
10533
In base 11, what is -3 - -aa490a8?
aa490a5
In base 10, what is 5677994 - -8?
5678002
In base 5, what is -2 + 13013213034?
13013213032
In base 2, what is 110110110100111011010110 + 1001?
110110110100111011011111
In base 3, what is 11112221022 + -220122?
11112000200
In base 8, what is 4 - -150610202?
150610206
In base 10, what is -35 - 396719?
-396754
In base 15, what is -e159 - -a0?
-e0a9
In base 15, what is -3078 - 659?
-36d2
In base 3, what is -1110020122121221 - -12?
-1110020122121202
In base 12, what is 31 - -898b4?
89925
In base 7, what is -2613650 - 10?
-2613660
In base 2, what is -1010010010101001010010001110 + 100?
-1010010010101001010010001010
In base 6, what is -151 - 10145045?
-10145240
In base 13, what is 112 + 57ca1?
580b3
In base 14, what is -1c03 - 476d?
-6572
In base 15, what is -5 + -1b6a7735?
-1b6a773a
In base 9, what is -533365 + 537?
-532727
In base 14, what is 31254a + 1?
31254b
In base 13, what is -2210 - cb1?
-31c1
In base 12, what is -3 + -603293?
-603296
In base 6, what is 5045 + -54231?
-45142
In base 12, what is -24aa289 - 3?
-24aa290
In base 13, what is -69 - -173513?
173477
In base 15, what is -4a + 309e?
3054
In base 7, what is 556646 + -153?
556463
In base 8, what is -43 - 64072317?
-64072362
In base 16, what is 59 + 51e2c?
51e85
In base 4, what is -10231323 - 201330?
-11033313
In base 13, what is -3 - -50ac967?
50ac964
In base 11, what is -1 - -3a8aa00?
3a8a9aa
In base 3, what is 1 + -2220011221210?
-2220011221202
In base 11, what is 5837 + -922?
4a15
In base 3, what is 21 + 10012202102112201?
10012202102112222
In base 12, what is 8b444 + 11?
8b455
In base 14, what is 106 + -32ba6?
-32aa0
In base 12, what is -749 - -18473?
17926
In base 10, what is 486733 - -72?
486805
In base 15, what is 293a5db - 3?
293a5d8
In base 8, what is 24731 + -541?
24170
In base 16, what is -b28 + -4f37?
-5a5f
In base 15, what is -9 - a7b38d2?
-a7b38db
In base 8, what is 10 + 17064373?
17064403
In base 13, what is -4 + b64125?
b64121
In base 15, what is 10 - 3120be?
-3120ae
In base 9, what is -111 - -2373736?
2373625
In base 11, what is 1 - 25a778?
-25a777
In base 10, what is 3 + 7043573?
7043576
In base 3, what is -22 + 10020102021210?
10020102021111
In base 12, what is -6068a9 + -3?
-6068b0
In base 16, what is -2 - 15119?
-1511b
In base 4, what is 2330 - 10323313012?
-10323310022
In base 9, what is -752331 + 180?
-752141
In base 12, what is -2115a - -36?
-21124
In base 3, what is 10 - -10220220110?
10220220120
In base 3, what is 1121 + -1002110022211?
-1002110021020
In base 7, what is 360064 - 4323?
352441
In base 7, what is 1521 + -1105444?
-1103623
In base 12, what is 3a92 + -1a60?
2032
In base 6, what is 1 - 1342114?
-1342113
In base 9, what is -8234 - -12123?
2778
In base 11, what is -3404 + -2a15?
-6319
In base 5, what is 1211301 - 312020?
344231
In base 4, what is 202132012 - 32?
202131320
In base 3, what is -2200221220 - 102?
-2200222022
In base 14, what is 1083b4 + -46?
10836c
In base 13, what is 128b + 80311?
8159c
In base 7, what is 1 + -133413015?
-133413014
In base 3, what is 12121000111 - 11012002?
12102211102
In base 4, what is 3203313113 - 1?
3203313112
In base 15, what is 3e1 - 28b?
155
In base 7, what is 26152235 + 0?
26152235
In base 6, what is 5 - -314113314?
314113323
In base 13, what is -c17 - -3310?
23c6
In base 12, what is -87 + -b2029a?
-b20365
In base 11, what is 5535451 + 89?
553552a
In base 16, what is 3 - -625828?
62582b
In base 16, what is 67c82e - -3b?
67c869
In base 3, what is -20202 - 20102112?
-20200021
In base 14, what is -91d + -1da5?
-28c4
In base 4, what is 11100131030 - 1000?
11100130030
In base 14, what is -44d5bcb - 5?
-44d5bd2
In base 3, what is 12001220122001 + -10?
12001220121221
In base 14, what is 35 + -10d0a?
-10cb5
In base 14, what is 127c75 + 1a?
127c91
In base 5, what is -243221121 - 133?
-243221304
In base 11, what is 1443331 - -8?
1443339
In base 7, what is 14302 + -1103654?
-1056352
In base 6, what is 1130311 + 2032?
1132343
In base 8, what is 463346 - 2270?
461056
In base 11, what is 3 + 1026211?
1026214
In base 10, what is 179 - -1813317?
1813496
In base 6, what is 41202 + 424443?
510045
In base 8, what is -1004 + 44636?
43632
In base 7, what is -6100 - -50335?
41235
In base 3, what is -221200202220112 + -1?
-221200202220120
In base 6, what is -53144442 - -4?
-53144434
In base 5, what is 1022024133 - 143?
1022023440
In base 15, what is -36d + -4e73?
-52e1
In base 16, what is -1c9c5 + -28?
-1c9ed
In base 10, what is 921482 + 10?
921492
In base 2, what is 101101101101000011011001010 + 100?
101101101101000011011001110
In base 10, what is -2 - 21825624?
-21825626
In base 14, what is 7 + 342abc?
342ac5
In base 13, what is 50126 + 11?
50137
In base 14, what is 90a6d - -42?
90ab1
In base 12, what is -28b43 + -300?
-29243
In base 6, what is 12240 + 401522?
414202
In base 13, what is c321b0 - -1?
c321b1
In base 15, what is 1dcb0 - -19?
1dcc9
In base 5, what is -1442241 - -310334?
-1131402
In base 10, what is -5531 - 2783?
-8314
In base 5, what is 204122040203 - 3?
204122040200
In base 9, what is -165 + 12217?
12042
In base 10, what is 8322 + -110125?
-101803
In base 3, what is -201002220122021211 + 10?
-201002220122021201
In base 12, what is -4493 - -133?
-4360
In base 3, what is 2101200 + -2100122?
1001
In base 11, what is 139 - -151489?
151617
In base 13, what is -3 + -7485467?
-748546a
In base 5, what is 2032 + -144121142?
-144114110
In base 10, what is -1 + -20678122?
-20678123
In base 7, what is 5 - -31225452?
31225460
In base 11, what is 7 - -1001901?
1001908
In base 15, what is -130c62 - -71?
-130be1
In base 16, what is -740b + e0?
-732b
In base 12, what is -454 + -1456b?
-14a03
In base 9, what is -63 - 35707?
-35771
In base 5, what is -2 + -1132204433?
-1132204440
In base 4, what is -2110031210 + 323?
-2110030221
In base 13, what is a - ab29c8?
-ab29bb
In base 7, what is -13650 + 2623643?
2606663
In base 16, what is -2d0932 + 69?
-2d08c9
In base 15, what is -127 + 30e8?
2ec1
In base 5, what is -402220 - 1031304?
-1434024
In base 4, what is 2101 + -10233021211?
-10233013110
In base 9, what is 3 - 305580?
-305576
In base 8, what is -427366 - -55?
-427311
In base 6, what is 342215 - -121233?
503452
In base 5, what is -244330324 - 0?
-244330324
In base 5, what is -2410134440 - 2?
-2410134442
In base 16, what is 41 + -3f53c?
-3f4fb
In base 10, what is -2 + -27625126?
-27625128
In base 12, what is -1926583a - 3?
-19265841
In base 7, what is -1541126 - 0?
-1541126
In base 4, what is 1230122123101 - -2?
1230122123103
In base 9, what is -2627 + -10420?
-13147
In base 2, what is -10 + 111000111100101?
111000111100011
In base 6, what is 235 - -5212?
5451
In base 9, what is 13 - 60177112?
-60177088
In base 12, what is 3 - -17a8372?
17a8375
In base 16, what is 131 - 7cd3f?
-7cc0e
In base 3, what is -1122 - 21111020020122?
-21111020022021
In base 9, what is 4 - 1176201?
-1176186
In base 9, what is 37042 + -262?
36670
In base 7, what is -3 + -4206441?
-4206444
In base 2, what is 100001110 - 1111100001011000?
-1111011101001010
In base 16, what is 27578e + 6?
275794
In base 11, what is -1402 + -27344?
-28746
In base 7, what is 14 - 241051224?
-241051210
In base 2, what is 100 - 100111101010101100111?
-100111101010101100011
In base 9, what is -308 + 318627?
318318
In base 3, what is 1201120020 + 22112000?
2001002020
In base 10, what is 11045389 - 0?
11045389
In base 8, what is 740140 + -233?
737705
In base 6, what is 344413250 - 121?
344413125
In base 12, what is 7819b25 + -35?
7819ab0
In base 16, what is -10e48 - 621?
-11469
In base 5, what is 3410130324 + -34?
3410130240
In base 8, what is -1 + -1412711652?
-1412711653
In base 15, what is 914a0 + 76?
91526
In base 11, what is 7 - 1057459?
-1057452
In base 12, what is -189047 + -4?
-18904b
In base 6, what is -210003 + 11314?
-154245
In base 14, what is -4 - -322d2c?
322d28
In base 16, what is 2b91e - 117?
2b807
In base 16, what is 233 - -859c8?
85bfb
In base 8, what is 1101 + -1635122?
-1634021
In base 8, what is 276 + 3056?
3354
In base 12, what is -91 + 3525b1?
352520
In base 6, what is 22 - 3035433222?
-3035433200
In base 10, what is -1 - 124022560?
-12402256